{"id":782,"date":"2011-05-30T09:03:19","date_gmt":"2011-05-30T09:03:19","guid":{"rendered":"https:\/\/www.nestosplus.gr\/index2.php\/?page_id=782"},"modified":"2011-07-18T10:53:42","modified_gmt":"2011-07-18T10:53:42","slug":"teilnahmebedingungen","status":"publish","type":"page","link":"https:\/\/www.nestosplus.gr\/index2.php\/teilnahmebedingungen\/?lang=de","title":{"rendered":"Allgemeine Teilnahmebedingungen"},"content":{"rendered":"<p>Die Teilnahme an unsere geplante Reise setzt die Annahme der allgemeinen Teilnahmebedingungen voraus.<\/p>\n<p><strong>VERPFLICHTUNGEN \u2013 HAFTUNG DES TOURISMUSB\u00dcROS<\/strong><br \/>\nUnser Reiseb\u00fcro verpflichtet sich Ihnen Dienste von hohem Niveau und Qualit\u00e4t zu bieten, und jeglichen m\u00f6glichen Versuch zur besten Realisierung und Durchsetzung der Programme zu leisten. Unser B\u00fcro ist der Vermittler zwischen Verk\u00e4ufer und K\u00e4ufer des touristischen Produktes, w\u00e4hrend unser Produkt mit den Diensten, die wir zur Vollziehung der Reise bieten, sowie mit der Realisierung der Aktivit\u00e4ten, die wir organisieren, zu tun hat. Unser Reiseb\u00fcro hat seit l\u00e4ngerer Zeit die von den Kunden gew\u00e4hlten Ausfl\u00fcgen und Reisen vorgeplant. In einigen F\u00e4llen kann die \u00c4nderung eines Programms wegen externer Probleme, wie z.B. die Nicht-Entsprechung der Verpflichtungen von Dritten [Fluggesellschaften, Hotels, Z\u00fcge usw.], vorkommen, weil unser B\u00fcro keine direkte Kontrolle aus\u00fcben kann. Unser B\u00fcro verpflichtet sich, jeden m\u00f6glichen Versuch zu leisten um das Problem zu bew\u00e4ltigen. Trotzdem behalten wir das Recht das vorgeplante Programm zu \u00e4ndern, falls wir es f\u00fcr notwendig halten. Das Reiseb\u00fcro hat keine Haftung \u00fcber Programmabweichungen, die nicht wegen uns vorkommen, wie z.B. Unf\u00e4lle, Diebst\u00e4hle, Sachschaden, Versp\u00e4tungen oder ung\u00fcnstige Situationen wegen au\u00dferordentlichen Bedingungen. Der Anf\u00fchrer \u2013 Begleiter unseres B\u00fcros hat das Recht, das Programm zu \u00e4ndern, wenn er dies zweckm\u00e4\u00dfig f\u00fcr die Besserung und den Erfolg der Reise sch\u00e4tzt. Unser Reiseb\u00fcro ist laut Gesetz 339\/1996 gegen Gefahren \u03b5\u03c0\u03b1\u03b3\u03b3\u03b5\u03bb\u03bc\u03b1\u03c4\u03b9\u03ba\u03ae\u03c2 \u03b1\u03c3\u03c4\u03b9\u03ba\u03ae\u03c2 \u03b5\u03c5\u03b8\u03cd\u03bd\u03b7\u03c2 versichert.<\/p>\n<p><strong>VERPFLICHTUNGEN \u2013 HAFTUNG DER REISENDEN<\/strong><br \/>\nDie organisierten Ausfl\u00fcge unseres B\u00fcros werden mit der Sicherheit der Teilnehmende an erster Stelle geplant und realisiert, weil die Natur der Aktivit\u00e4ten erlaubt nicht, Gefahren ganz auszuschlie\u00dfen.  Das hei\u00dft, dass die Teilnehmende die nat\u00fcrlichen Gefahren kennen und das Bestm\u00f6glichste beizutragen um sie zu vermeiden m\u00fcssen. Die Naturann\u00e4herung erlegt die Angabe von jedem gesundheitlichen oder psychischen Problem und Dysfunktion vor jeder Aktivit\u00e4t auf.<br \/>\nDamit Ihre Teilnahmeanmeldung  g\u00fcltig ist, m\u00fcssen Sie 40 % des gesamten Betrags im Voraus zahlen. Den Rest des Betrags m\u00fcssen Sie sp\u00e4testens vor der Abfahrt zahlen. Im Fall eines Widerrufs der Buchung: 2 Wochen fr\u00fcher wird der gesamte Betrag zur\u00fcckgezahlt (minus 15 Euro f\u00fcr Verwaltungskosten),<br \/>\neine Woche fr\u00fcher wird die H\u00e4lfte der Vorauszahlung zur\u00fcckgezahlt.<br \/>\nFalls im Lauge des Tages will ein Teilnehmer nicht an die Aktivit\u00e4ten teilnehmen, hat kein Recht auf R\u00fcckerstattung des Geldes.<br \/>\nFalls die Teilnehmer w\u00e4hrend einer Aktivit\u00e4t ein Teil ihrer Ausstattung wegen schlechter Bedienung oder Unfalls zerst\u00f6ren, haften sie vollst\u00e4ndig f\u00fcr die Wiederherstellung des Schadens.<\/p>\n<p><strong>SPEZIALBEDINGUNG<\/strong><br \/>\nDie Teilnehmer akzeptieren vorbehaltlos und ohne Forderungen, dass das Foto- und Videomaterial, das sich daraus ergibt, frei zu Werbezwecken unseres B\u00fcros verwendet werden kann.<\/p>\n","protected":false},"excerpt":{"rendered":"<p>Die Teilnahme an unsere geplante Reise setzt die Annahme der allgemeinen Teilnahmebedingungen voraus. VERPFLICHTUNGEN \u2013 HAFTUNG DES TOURISMUSB\u00dcROS Unser Reiseb\u00fcro verpflichtet sich Ihnen Dienste von hohem Niveau und Qualit\u00e4t zu bieten, und jeglichen m\u00f6glichen Versuch zur besten Realisierung und Durchsetzung der Programme zu leisten. Unser B\u00fcro ist der Vermittler zwischen Verk\u00e4ufer und K\u00e4ufer des touristischen [&hellip;]<\/p>\n","protected":false},"author":1,"featured_media":0,"parent":0,"menu_order":2,"comment_status":"open","ping_status":"closed","template":"page-fullwidth.php","meta":[],"aioseo_notices":[],"_links":{"self":[{"href":"https:\/\/www.nestosplus.gr\/index2.php\/wp-json\/wp\/v2\/pages\/782"}],"collection":[{"href":"https:\/\/www.nestosplus.gr\/index2.php\/wp-json\/wp\/v2\/pages"}],"about":[{"href":"https:\/\/www.nestosplus.gr\/index2.php\/wp-json\/wp\/v2\/types\/page"}],"author":[{"embeddable":true,"href":"https:\/\/www.nestosplus.gr\/index2.php\/wp-json\/wp\/v2\/users\/1"}],"replies":[{"embeddable":true,"href":"https:\/\/www.nestosplus.gr\/index2.php\/wp-json\/wp\/v2\/comments?post=782"}],"version-history":[{"count":4,"href":"https:\/\/www.nestosplus.gr\/index2.php\/wp-json\/wp\/v2\/pages\/782\/revisions"}],"predecessor-version":[{"id":1063,"href":"https:\/\/www.nestosplus.gr\/index2.php\/wp-json\/wp\/v2\/pages\/782\/revisions\/1063"}],"wp:attachment":[{"href":"https:\/\/www.nestosplus.gr\/index2.php\/wp-json\/wp\/v2\/media?parent=782"}],"curies":[{"name":"wp","href":"https:\/\/api.w.org\/{rel}","templated":true}]}}